{"id":108,"date":"2025-08-14T23:29:35","date_gmt":"2025-08-14T23:29:35","guid":{"rendered":"https:\/\/www.hop-tulkkaus.fi\/?page_id=108"},"modified":"2025-08-15T08:11:44","modified_gmt":"2025-08-15T08:11:44","slug":"kaannokset","status":"publish","type":"page","link":"https:\/\/www.hop-tulkkaus.fi\/index.php\/kaannokset\/","title":{"rendered":"K\u00e4\u00e4nn\u00f6sty\u00f6"},"content":{"rendered":"\n<p><strong>HOP Kielipalvelut<\/strong> tarjoaa auktorisoituja k\u00e4\u00e4nn\u00f6ksi\u00e4 kielipareissa suomi-hollanti ja hollanti-suomi.<\/p>\n\n\n\n<p>Auktorisoitu k\u00e4\u00e4nn\u00f6s on (yleens\u00e4 virallisen asiakirjan) k\u00e4\u00e4nn\u00f6s, joka on laillisesti p\u00e4tev\u00e4 eli sill\u00e4 on sama todistusvoima kuin alkukielisell\u00e4 asiakirjalla.<\/p>\n\n\n\n<p>K\u00e4\u00e4nt\u00e4j\u00e4mme huomioivat Alankomaiden hollannin ja Belgian hollannin (flaamin) erot ja voivat tarvittaessa tehd\u00e4 k\u00e4\u00e4nn\u00f6ksen vastaamaan kohdemaan kielt\u00e4.<\/p>\n\n\n\n<p><\/p>\n","protected":false},"excerpt":{"rendered":"<p>HOP Kielipalvelut tarjoaa auktorisoituja k\u00e4\u00e4nn\u00f6ksi\u00e4 kielipareissa suomi-hollanti ja hollanti-suomi. Auktorisoitu k\u00e4\u00e4nn\u00f6s on (yleens\u00e4 virallisen asiakirjan) k\u00e4\u00e4nn\u00f6s, joka on laillisesti p\u00e4tev\u00e4 eli sill\u00e4 on sama todistusvoima kuin alkukielisell\u00e4 asiakirjalla. K\u00e4\u00e4nt\u00e4j\u00e4mme huomioivat Alankomaiden hollannin ja Belgian hollannin (flaamin) erot ja voivat tarvittaessa tehd\u00e4 k\u00e4\u00e4nn\u00f6ksen vastaamaan kohdemaan kielt\u00e4.<\/p>\n","protected":false},"author":1,"featured_media":0,"parent":0,"menu_order":0,"comment_status":"closed","ping_status":"closed","template":"","meta":{"footnotes":""},"class_list":["post-108","page","type-page","status-publish","hentry","entry"],"_links":{"self":[{"href":"https:\/\/www.hop-tulkkaus.fi\/index.php\/wp-json\/wp\/v2\/pages\/108","targetHints":{"allow":["GET"]}}],"collection":[{"href":"https:\/\/www.hop-tulkkaus.fi\/index.php\/wp-json\/wp\/v2\/pages"}],"about":[{"href":"https:\/\/www.hop-tulkkaus.fi\/index.php\/wp-json\/wp\/v2\/types\/page"}],"author":[{"embeddable":true,"href":"https:\/\/www.hop-tulkkaus.fi\/index.php\/wp-json\/wp\/v2\/users\/1"}],"replies":[{"embeddable":true,"href":"https:\/\/www.hop-tulkkaus.fi\/index.php\/wp-json\/wp\/v2\/comments?post=108"}],"version-history":[{"count":9,"href":"https:\/\/www.hop-tulkkaus.fi\/index.php\/wp-json\/wp\/v2\/pages\/108\/revisions"}],"predecessor-version":[{"id":132,"href":"https:\/\/www.hop-tulkkaus.fi\/index.php\/wp-json\/wp\/v2\/pages\/108\/revisions\/132"}],"wp:attachment":[{"href":"https:\/\/www.hop-tulkkaus.fi\/index.php\/wp-json\/wp\/v2\/media?parent=108"}],"curies":[{"name":"wp","href":"https:\/\/api.w.org\/{rel}","templated":true}]}}