{"id":6,"date":"2023-07-31T12:23:34","date_gmt":"2023-07-31T12:23:34","guid":{"rendered":"https:\/\/www.hop-tulkkaus.fi\/?page_id=6"},"modified":"2025-08-15T09:36:54","modified_gmt":"2025-08-15T09:36:54","slug":"luo-sivustosi-lohkoilla","status":"publish","type":"page","link":"https:\/\/www.hop-tulkkaus.fi\/","title":{"rendered":"Ei otsikkoa"},"content":{"rendered":"\n<figure class=\"wp-block-image size-full\"><img fetchpriority=\"high\" decoding=\"async\" width=\"599\" height=\"182\" src=\"https:\/\/www.hop-tulkkaus.fi\/wp-content\/uploads\/2025\/08\/hop_logo_2025_fi_iso.png\" alt=\"\" class=\"wp-image-143\" srcset=\"https:\/\/www.hop-tulkkaus.fi\/wp-content\/uploads\/2025\/08\/hop_logo_2025_fi_iso.png 599w, https:\/\/www.hop-tulkkaus.fi\/wp-content\/uploads\/2025\/08\/hop_logo_2025_fi_iso-300x91.png 300w\" sizes=\"(max-width: 599px) 100vw, 599px\" \/><\/figure>\n\n\n\n<div class=\"wp-block-columns alignwide are-vertically-aligned-top is-layout-flex wp-container-core-columns-is-layout-9d6595d7 wp-block-columns-is-layout-flex\">\n<div class=\"wp-block-column is-vertically-aligned-top is-layout-flow wp-block-column-is-layout-flow\">\n<h3 class=\"wp-block-heading\">Ammattimaisia ja luotettavia kielipalveluja<\/h3>\n\n\n\n<p>Tulkit Langerak ja Waegemans perustivat kes\u00e4ll\u00e4 2023 <strong>Hollannin oikeustulkkauspalvelut oy<\/strong>:n tarkoituksena tarjota laadukkaita oikeustulkkauspalveluita sek\u00e4 viranomaisille, ett\u00e4 yksityisille tahoille. Vuonna 2025 yrityksen toimikuva oli monipuolistunut ja tehtiin p\u00e4\u00e4t\u00f6s p\u00e4ivitt\u00e4\u00e4 yrityksen br\u00e4ndi vastaamaan yrityksen tarjoamia palveluita. Syksyst\u00e4 2025 alkaen Hollannin oikeustulkkauspalvelut oy:n tunnetaan my\u00f6s nimell\u00e4 <strong>HOP Kielipalvelut<\/strong>.<\/p>\n\n\n\n<p><\/p>\n<\/div>\n\n\n\n<div class=\"wp-block-column is-vertically-aligned-top is-layout-flow wp-block-column-is-layout-flow\">\n<h3 class=\"wp-block-heading\">Tulkin tilaaminen<\/h3>\n\n\n\n<p>Tulkin voi tilata ottamalla yhteytt\u00e4 s\u00e4hk\u00f6postitse:<\/p>\n\n\n\n<p><a href=\"mailto:info@hop-tulkkaus.fi\">info@hop-tulkkaus.fi<\/a> <\/p>\n\n\n\n<p>Kiireellisiss\u00e4 tapauksissa puhelimitse:<\/p>\n\n\n\n<p>+358 50 4350504 (Waegemans)<br>+358 45 8440774 (Langerak)<\/p>\n<\/div>\n<\/div>\n","protected":false},"excerpt":{"rendered":"<p>Ammattimaisia ja luotettavia kielipalveluja Tulkit Langerak ja Waegemans perustivat kes\u00e4ll\u00e4 2023 Hollannin oikeustulkkauspalvelut oy:n tarkoituksena tarjota laadukkaita oikeustulkkauspalveluita sek\u00e4 viranomaisille, ett\u00e4 yksityisille tahoille. Vuonna 2025 yrityksen toimikuva oli monipuolistunut ja tehtiin p\u00e4\u00e4t\u00f6s p\u00e4ivitt\u00e4\u00e4 yrityksen br\u00e4ndi vastaamaan yrityksen tarjoamia palveluita. Syksyst\u00e4 2025 alkaen Hollannin oikeustulkkauspalvelut oy:n tunnetaan my\u00f6s nimell\u00e4 HOP Kielipalvelut. Tulkin tilaaminen Tulkin voi tilata&hellip; <a class=\"more-link\" href=\"https:\/\/www.hop-tulkkaus.fi\/\">Jatka lukemista <span class=\"screen-reader-text\">Ei otsikkoa<\/span><\/a><\/p>\n","protected":false},"author":1,"featured_media":0,"parent":0,"menu_order":0,"comment_status":"closed","ping_status":"closed","template":"","meta":{"footnotes":""},"class_list":["post-6","page","type-page","status-publish","hentry","entry"],"_links":{"self":[{"href":"https:\/\/www.hop-tulkkaus.fi\/index.php\/wp-json\/wp\/v2\/pages\/6","targetHints":{"allow":["GET"]}}],"collection":[{"href":"https:\/\/www.hop-tulkkaus.fi\/index.php\/wp-json\/wp\/v2\/pages"}],"about":[{"href":"https:\/\/www.hop-tulkkaus.fi\/index.php\/wp-json\/wp\/v2\/types\/page"}],"author":[{"embeddable":true,"href":"https:\/\/www.hop-tulkkaus.fi\/index.php\/wp-json\/wp\/v2\/users\/1"}],"replies":[{"embeddable":true,"href":"https:\/\/www.hop-tulkkaus.fi\/index.php\/wp-json\/wp\/v2\/comments?post=6"}],"version-history":[{"count":22,"href":"https:\/\/www.hop-tulkkaus.fi\/index.php\/wp-json\/wp\/v2\/pages\/6\/revisions"}],"predecessor-version":[{"id":145,"href":"https:\/\/www.hop-tulkkaus.fi\/index.php\/wp-json\/wp\/v2\/pages\/6\/revisions\/145"}],"wp:attachment":[{"href":"https:\/\/www.hop-tulkkaus.fi\/index.php\/wp-json\/wp\/v2\/media?parent=6"}],"curies":[{"name":"wp","href":"https:\/\/api.w.org\/{rel}","templated":true}]}}